1000
In base 7, what is 3422 - -24?
3446
In base 5, what is 0 + -421?
-421
In base 5, what is -1441 + 20?
-1421
In base 13, what is 2 + -a68?
-a66
In base 4, what is 10 - 131?
-121
In base 13, what is -3 - 13c?
-142
In base 11, what is 5 - -1142?
1147
In base 5, what is 12 + 300?
312
In base 4, what is 0 - 20?
-20
In base 13, what is -1c - -17a?
15b
In base 16, what is bd - -1?
be
In base 3, what is -1 + 12222?
12221
In base 6, what is -4 - 43343?
-43351
In base 10, what is -10 - -33?
23
In base 16, what is 1 - c2?
-c1
In base 3, what is -1102 + 11?
-1021
In base 2, what is 100 - 111?
-11
In base 9, what is -148 + 87?
-51
In base 6, what is 14 - 14523?
-14505
In base 4, what is -30033 + 0?
-30033
In base 13, what is -1 - 7c?
-80
In base 6, what is -140 + -1?
-141
In base 7, what is 342 - -62?
434
In base 15, what is -4 + 1c?
18
In base 5, what is 4423 + -3?
4420
In base 9, what is -5 - 232?
-237
In base 13, what is 4 - 161?
-15a
In base 8, what is -4 - -46?
42
In base 15, what is -9 + -a?
-14
In base 12, what is -1 - -23a6?
23a5
In base 14, what is d - 2?
b
In base 13, what is 237 + -5?
232
In base 3, what is 211 + 12?
1000
In base 7, what is 0 - -241?
241
In base 6, what is 1022 - 1?
1021
In base 11, what is -5 + 53?
49
In base 11, what is 80 + 19?
99
In base 5, what is -20 - 1124?
-1144
In base 6, what is -3 - 554?
-1001
In base 3, what is -221112 - 11?
-221200
In base 12, what is -2 - 32?
-34
In base 9, what is 3 - 1312?
-1308
In base 7, what is 5 + -13425?
-13420
In base 7, what is -3 + -11?
-14
In base 15, what is 1 + -1c1?
-1c0
In base 14, what is -68 - -3?
-65
In base 16, what is 0 - 3f2?
-3f2
In base 2, what is 11 - 101101111?
-101101100
In base 5, what is 1022 + -3?
1014
In base 3, what is 10122 + -11?
10111
In base 4, what is 132 - -33?
231
In base 13, what is -a4 + 15?
-8c
In base 4, what is 13 - 300?
-221
In base 15, what is -15 - -19?
4
In base 7, what is -5 - -241?
233
In base 5, what is -1330 + 4?
-1321
In base 2, what is 1100111 + -1100111?
0
In base 10, what is -4 - 971?
-975
In base 13, what is -3 - -22?
1c
In base 2, what is -11 - 11000110?
-11001001
In base 11, what is -75 + -37?
-101
In base 13, what is -383 + 3?
-380
In base 15, what is -9 - 4?
-d
In base 11, what is -7431 - -2?
-742a
In base 7, what is 100 - 0?
100
In base 4, what is -11 - -12201?
12130
In base 12, what is -7 - -293?
288
In base 15, what is 0 + 1dca?
1dca
In base 6, what is -21514 - -1?
-21513
In base 14, what is a - 2?
8
In base 8, what is 127 + -3?
124
In base 11, what is 32 + 6?
38
In base 4, what is -1 + -113?
-120
In base 6, what is -10313 + 5?
-10304
In base 10, what is 0 - 0?
0
In base 6, what is -24 - -202?
134
In base 11, what is -2436 + 4?
-2432
In base 14, what is 6 - -11?
17
In base 3, what is 10 + 1102?
1112
In base 3, what is -12 + -11100?
-11112
In base 10, what is 4 + -199?
-195
In base 10, what is 1 + 21?
22
In base 3, what is 1100 + 2112?
10212
In base 6, what is 10153 + 4?
10201
In base 10, what is 3521 - 1?
3520
In base 9, what is 56 - 466?
-410
In base 13, what is -7 + 51b?
514
In base 6, what is -242202 - -3?
-242155
In base 12, what is 11a + 5?
123
In base 5, what is -4 + 1212?
1203
In base 3, what is 1000121122 - 11?
1000121111
In base 10, what is 14 + 111?
125
In base 12, what is 6339 + -5?
6334
In base 13, what is -4 + 27?
23
In base 5, what is 100220 - 2?
100213
In base 8, what is 4644 + -4?
4640
In base 15, what is 1756 + 8?
175e
In base 13, what is 18cc + -3?
18c9
In base 6, what is -1 - 11?
-12
In base 3, what is 1121 - 10?
1111
In base 16, what is f - 11b?
-10c
In base 7, what is 1 + -135?
-134
In base 16, what is 12b5 - 3?
12b2
In base 16, what is -2 + 6?
4
In base 14, what is -b3 - 0?
-b3
In base 6, what is -11 - -205?
154
In base 15, what is -1e4 - 8?
-1ec
In base 14, what is -48 - -21?
-27
In base 9, what is 17 + -7?
10
In base 5, what is -144 + 233?
34
In base 8, what is 410 - -3?
413
In base 15, what is bb + -5?
b6
In base 13, what is 364 - 2?
362
In base 4, what is 311 + -1?
310
In base 15, what is -18cb + 9?
-18c2
In base 3, what is -12 + -12211?
-20000
In base 10, what is -1 - 169?
-170
In base 5, what is -323 + 10?
-313
In base 5, what is 1 - -1024?
1030
In base 15, what is 3d + -9?
34
In base 13, what is 565 - -4?
569
In base 4, what is -11 - -3?
-2
In base 15, what is 2d + 1d?
4b
In base 3, what is -1211 + 0?
-1211
In base 6, what is -3 - -122?
115
In base 7, what is 46331 - 5?
46323
In base 15, what is 3 - 41?
-3d
In base 4, what is -221 - 13321?
-20202
In base 8, what is -20261 - 3?
-20264
In base 12, what is 5 + -33?
-2a
In base 9, what is 0 + 876?
876
In base 14, what is 7 - -b1?
b8
In base 10, what is 0 + 20?
20
In base 9, what is 1074 + 4?
1078
In base 5, what is 133 - 4?
124
In base 12, what is -38 + 4?
-34
In base 16, what is -22a1 - -1?
-22a0
In base 15, what is -8e8 - -5?
-8e3
In base 2, what is 10001111010 + -101?
10001110101
In base 16, what is 1de + 12?
1f0
In base 13, what is -140 + a?
-133
In base 5, what is 1131 - 34?
1042
In base 7, what is 2633 + -5?
2625
In base 7, what is -2 - 1143?
-1145
In base 2, what is -11 + -101111?
-110010
In base 7, what is 41625 + -3?
41622
In base 7, what is 63 + -52?
11
In base 12, what is -2ba - -5?
-2b5
In base 7, what is -5 - -132?
124
In base 9, what is -6 + -2?
-8
In base 10, what is -20 + 63?
43
In base 3, what is -10 - 2110?
-2120
In base 12, what is 1 - a8?
-a7
In base 11, what is 39 - -a?
48
In base 3, what is -10100022 - 12?
-10100111
In base 14, what is -9 + 2c?
23
In base 3, what is 202 + 101?
1010
In base 16, what is -385 + 3?
-382
In base 10, what is 196 - -5?
201
In base 13, what is 684 + -3?
681
In base 14, what is 20 + 4?
24
In base 7, what is 1 - 416?
-415
In base 2, what is 10010110000 - -100?
10010110100
In base 2, what is -100 + 11000000?
10111100
In base 3, what is 22 + 111?
210
In base 15, what is -5c + -3a?
-97
In base 7, what is -46 + -6?
-55
In base 3, what is 112201 - 0?
112201
In base 12, what is 244 + 2?
246
In base 8, what is 0 - -5?
5
In base 2, what is -101 + -110100110111?
-110100111100
In base 2, what is -110 + 1101?
111
In base 5, what is 0 + 1241?
1241
In base 7, what is 3442 + 4?
3446
In base 3, what is 2 + -121112?
-121110
In base 13, what is -1 - 70?
-71
In base 5, what is -4 - -3230?
3221
In base 14, what is -193 + 0?
-193
In base 4, what is -1 - -1220?
1213
In base 2, what is 1101001 + 1?
1101010
In base 16, what is -1fb6 - -1?
-1fb5
In base 8, what is 5 - 265?
-260
In base 6, what is -2054 + -2?
-2100
In base 14, what is 75 - -17?
8c
In base 5, what is 123434 + -3?
123431
In base 9, what is 7 + -2?
5
In base 2, what is -1011010000000 + 100?
-1011001111100
In base 2, what is 0 + 1111100100?
1111100100
In base 10, what is 1476 + -5?
1471
In base 9, what is 417 - 0?
417
In base 12, what is 17 + 214?
22b
In base 13, what is 2 + 99?
9b
In base 12, what is 22 - -1a?
40
In base 3, what is 100 + -121?
-21
In base 15, what is 24a4 + 5?
24a9
In base 4, what is -12 - -21022?
21010
In base 6, what is 2 + -3?
-1
In base 12, what is -5 - -12?
9
In base 11, what is -1 - -344?
343
In base 7, what is -414 - 0?
-414
In base 2, what is -101 + -101000000?
-101000101
In base 12, what is 8a - 7?
83
In base 9, what is -2051 - -3?
-2047
In base 6, what is -12 + 42?
30
In base 14, what is -11 - -15?
4
In base 10, what is -1 + -3281?
-3282
In base 12, what is -44 + -1?
-45
In base 2, what is 11 - 10110?
-10011
In base 12, what is -18a - -4?
-186
In base 10, what is -690 - -3?
-687
In base 14, what is -5d5 + -2?
-5d7
In base 3, what is -222 + -222200?
-1000122
In base 5, what is 1043214 + -1?
1043213
In base 16, what is -35b5 - 3?
-35b8
In base 2, what is 110000 - -110110?
1100110
In base 10, what is 174 + 1?
175
In base 3, what is -2200200 - -112?
-2200011
In base 3, what is -2 + 1221111?
1221102
In base 10, what is 5 + -1345?
-1340
In base 8, what is 1 - 126?
-125
In base 11, what is 81 + 1?
82
In base 16, what is -14a + -6?
-150
In base 7, what is 102 - 5?
64
In base 2, what is 1010000000 - -100?
1010000100
In base 2, what is 101111 - -1110?
111101
In base 3, what is 100002222 - 10?
100002212
In base 11, what is -6a93 + 4?
-6a8a
In base 8, what is 445 - -20?
465
In base 9, what is 4001 + 2?
4003
In base 11, what is -30 + 4?
-27
In base 3, wha